2.
10110110
What is -86a (base 15) in base 3?
-2121101
Convert 4543 (base 6) to base 16.
42f
Convert 788 (base 12) to base 13.
677
What is 200 (base 3) in base 5?
33
What is -121020102 (base 3) in base 16?
-2e3d
Convert -11522 (base 7) to base 3.
-11010022
Convert -277 (base 14) to base 11.
-412
Convert 6d5 (base 14) to base 2.
10101010011
1944 (base 14) to base 11
3483
What is -2bd (base 15) in base 4?
-21310
Convert -684 (base 9) to base 2.
-1000110010
-320030 (base 4) to base 8
-7014
What is 1f3 (base 16) in base 14?
279
What is d83 (base 15) in base 12?
1920
Convert -7ae (base 15) to base 2.
-11011001011
-2898 (base 14) to base 11
-5447
What is -23022 (base 4) in base 12?
-4b6
What is -21113210 (base 4) in base 9?
-57565
Convert -435d (base 15) to base 6.
-150011
Convert -2222211 (base 3) to base 5.
-32212
Convert -254502 (base 6) to base 10.
-23078
Convert -11011110000000 (base 2) to base 12.
-8280
What is -1546 (base 8) in base 3?
-1012020
Convert -11010010 (base 2) to base 11.
-181
What is -51 (base 13) in base 16?
-42
What is -8e69 (base 15) in base 7?
-154122
-3003 (base 12) to base 3
-21010010
Convert -30 (base 6) to base 2.
-10010
Convert -10000100101 (base 2) to base 10.
-1061
-1c9 (base 14) to base 7
-1042
What is 26161 (base 7) in base 16?
1b28
What is 358 (base 9) in base 5?
2141
Convert -559 (base 11) to base 6.
-3033
Convert -e8f (base 16) to base 4.
-322033
13b5 (base 13) to base 10
2852
Convert 12211100 (base 3) to base 10.
4248
-dc (base 14) to base 13
-11c
22122 (base 6) to base 10
3074
Convert 5056 (base 8) to base 7.
10412
-11c (base 16) to base 15
-13e
What is ea6 (base 16) in base 12?
2206
a921 (base 16) to base 13
16927
-100110101 (base 2) to base 13
-1aa
What is 10120 (base 6) in base 8?
2500
Convert -c0 (base 15) to base 2.
-10110100
-110443 (base 5) to base 9
-5273
3011 (base 11) to base 3
12111100
Convert 100001101000010 (base 2) to base 13.
7ab6
What is 30b1 (base 15) in base 7?
42001
What is -31877 (base 9) in base 15?
-63da
-83 (base 11) to base 10
-91
Convert -2a2 (base 13) to base 6.
-2102
What is 9533 (base 11) in base 2?
11000101001100
-1b2 (base 16) to base 11
-365
What is 6520 (base 7) in base 16?
90d
Convert -10001111111 (base 2) to base 3.
-1120122
What is 210343 (base 5) in base 16?
1b3d
-151b (base 12) to base 11
-1947
Convert 13a1 (base 14) to base 8.
6621
-102441 (base 5) to base 7
-13123
Convert -1100101 (base 2) to base 4.
-1211
-27546 (base 9) to base 5
-1044142
What is 43012 (base 5) in base 4?
231002
-41 (base 7) to base 9
-32
What is 7887 (base 11) in base 9?
15213
Convert 1223 (base 6) to base 7.
612
What is 11011011111001 (base 2) in base 9?
21266
What is 71 (base 8) in base 13?
45
What is -1010110110101 (base 2) in base 13?
-26b6
Convert 14340 (base 9) to base 2.
10011000011100
1213 (base 6) to base 4
10221
123231 (base 4) to base 11
1372
What is -14144 (base 5) in base 12?
-81a
Convert 1320 (base 10) to base 3.
1210220
405 (base 9) to base 15
16e
What is -14231 (base 5) in base 10?
-1191
-1052 (base 9) to base 15
-36b
What is 285a (base 14) in base 15?
21ab
What is 113523 (base 7) in base 11?
14446
Convert -110332 (base 4) to base 13.
-7c3
Convert -11001011111 (base 2) to base 12.
-b3b
Convert -93a5 (base 12) to base 11.
-11115
What is 148b (base 12) in base 5?
34121
What is -10064 (base 9) in base 12?
-39b7
Convert 1003 (base 7) to base 3.
110211
What is 3332301 (base 4) in base 2?
11111110110001
What is -a76 (base 16) in base 14?
-d94
What is -7146 (base 10) in base 4?
-1233222
What is -1648 (base 10) in base 5?
-23043
508 (base 9) to base 10
413
-311101 (base 4) to base 5
-102114
-1068 (base 10) to base 6
-4540
Convert -14520 (base 13) to base 15.
-b4d0
-13108 (base 12) to base 9
-38678
Convert 245 (base 15) to base 4.
20003
What is -1123032 (base 5) in base 10?
-20392
Convert -8346 (base 10) to base 6.
-102350
-257 (base 14) to base 6
-2101
What is -100100111 (base 2) in base 15?
-14a
What is -12222 (base 3) in base 6?
-425
Convert 920 (base 13) to base 4.
120023
-33bd (base 14) to base 4
-2030123
What is -11bb4 (base 15) in base 6?
-1114124
2252 (base 6) to base 13
323
Convert -11011100000100 (base 2) to base 10.
-14084
Convert 1133231 (base 4) to base 15.
1c35
Convert caa (base 13) to base 2.
100001111000
-52811 (base 9) to base 3
-1202220101
What is 22a2 (base 16) in base 6?
105014
Convert 21021100 (base 3) to base 6.
40313
What is 1417 (base 12) in base 5?
33243
Convert 17a (base 12) to base 6.
1034
Convert -3515 (base 14) to base 15.
-2b06
2431 (base 6) to base 9
731
-53464 (base 8) to base 5
-1203244
What is 255432 (base 6) in base 7?
124601
What is -3ac (base 14) in base 13?
-44c
Convert 223 (base 14) to base 13.
267
What is -200002222 (base 3) in base 16?
-3392
2ab (base 15) to base 16
263
Convert 2203 (base 5) to base 2.
100101111
What is 20826 (base 9) in base 6?
143510
Convert e3c (base 15) to base 8.
6207
Convert 3c5d (base 14) to base 9.
15562
Convert -22031 (base 4) to base 6.
-3005
Convert -35ab (base 12) to base 9.
-8245
Convert -31500 (base 8) to base 15.
-3d4a
What is 1001013 (base 4) in base 3?
12201100
Convert -615 (base 13) to base 2.
-10000001000
-1240 (base 9) to base 3
-1021100
What is -10222000 (base 3) in base 7?
-11265
2096 (base 12) to base 7
13260
What is -78e (base 15) in base 10?
-1709
What is -73300 (base 8) in base 16?
-76c0
1110110001 (base 2) to base 8
1661
Convert 4377 (base 9) to base 11.
2476
What is -9b4 (base 16) in base 13?
-1191
What is 5292 (base 10) in base 15?
187c
-265 (base 7) to base 2
-10010001
210100 (base 3) to base 12
400
Convert 2191 (base 13) to base 3.
20102101
Convert 201110 (base 3) to base 12.
379
What is -b78 (base 15) in base 4?
-220130
-2307 (base 16) to base 2
-10001100000111
What is -7c (base 14) in base 12?
-92
-21212020 (base 3) to base 8
-13142
What is -30412 (base 7) in base 6?
-54144
-21010022 (base 3) to base 9
-7108
-14266 (base 10) to base 11
-a79a
-1240 (base 10) to base 2
-10011011000
What is -5026 (base 7) in base 3?
-2101021
What is a14 (base 13) in base 15?
78c
Convert 884 (base 12) to base 9.
1641
What is -1105 (base 6) in base 3?
-100112
1882 (base 13) to base 10
3655
Convert -734 (base 11) to base 6.
-4032
What is 3262 (base 7) in base 6?
5231
44cb (base 13) to base 12
56a7
What is -320031 (base 7) in base 10?
-55245
-311112 (base 4) to base 6
-23450
-6b89 (base 15) to base 11
-16197
2462 (base 15) to base 6
55502
What is 1100110111110001 (base 2) in base 4?
30313301
a77 (base 13) to base 5
24123
410411 (base 5) to base 10
13231
What is -cea9 (base 15) in base 13?
-16c2c
-b020 (base 15) to base 11
-25a08
Convert 11220222 (base 3) to base 14.
1446
Convert -1b857 (base 12) to base 8.
-120003
Convert 1159 (base 16) to base 6.
32321
8b (base 13) to base 3
11021
Convert -6ef (base 16) to base 10.
-1775
Convert -aae (base 15) to base 16.
-96e
3111 (base 7) to base 8
2076
What is -326 (base 12) in base 5?
-3322
What is -915 (base 11) in base 13?
-670
-1a70 (base 11) to base 7
-10430
-20000002 (base 3) to base 4
-1010120
What is 2df (base 16) in base 5?
10420
-1216c (base 15) to base 3
-2221011010
What is 2773 (base 8) in base 16?
5fb
-953 (base 10) to base 12
-675
What is -156 (base 10) in base 4?
-2130
Convert 18c (base 13) to base 10.
285
Convert 552 (base 15) to base 7.
3335
-5430 (base 7) to base 2
-11110001100
188d (base 14) to base 4
1011111
11000011 (base 2) to base 7
366
Convert -210 (base 12) to base 14.
-176
What is 10000111111 (base 2) in base 11?
8a9
Convert -261d (base 14) to base 4.
-1220203
What is 716 (base 9) in base 10?
582
Convert 320 (base 11) to base 2.
110000001
14d10 (base 14) to base 16
caf2
Convert 10001011010 (base 2) to base 15.
4e4
Convert 2a47 (base 12) to base 6.
34531
What is -3534 (base 6) in base 4?
-31102
-4108 (base 11) to base 6
-41125
Convert -10101010001 (base 2) to base 12.
-955
Convert -1101 (base 2) to base 14.
-d
-181 (base 11) to base 12
-156
-10013310 (base 4) to base 7
-100140
What is 121201010 (base 3) in base 4?
2332110
Convert -14458 (base 9) to base 3.
-111111222
Convert -44243 (base 6) to base 9.
-8380
What is 292 (base 14) in base 4?
20020
Convert 10010111000011000 (base 2) to base 12.
38908
-7a (base 13) to base 8
-145
32434 (base 5) to base 15
9e9
1021002011